
False
Let i = 124 - 124. Let n be i + 5 - (-1 + 0)*-1. Suppose 0 = n*m + 2*k - 490, 0 = -2*k - 7 - 3. Is m a multiple of 14?
False
Let h = -72 + 74. Suppose -355 - 235 = -h*n. Suppose 85 = -7*j + n. Is j a multiple of 15?
True
Suppose -15*s + 3*o = -13*s - 98403, -2*s + 98393 = -o. Is 17 a factor of s?
False
Suppose 25 = 3*v - 5. Suppose 0*o + 6 = 2*o + 2*x, -3 = -3*o + 3*x. Suppose o*d - 3*d - 281 = -4*y, -2*d = v. Is y a multiple of 25?
False
Let k be 5 + ((-6448)/(-2))/(-8). Let n = k + 1027. Is n a multiple of 35?
False
Let z(k) = -k**3 + 37*k**2 - 30*k - 59. Let c(n) = n**3 - 35*n**2 + 30*n + 59. Let s(j) = -5*c(j) - 4*z(j). Is 47 a factor of s(24)?
False
Is 19 a factor of 2/((-56)/212) - -8 - 1528/(-28)?
False
Let a = 293 - 454. Let o = a + 600. Is o a multiple of 35?
False
Let p be 0/(-2) + -405 + -7 + 9. Let n = 613 + p. Is 6 a factor of n?
True
Let k = 1951 + -3716. Let w = -843 - k. Is 38 a factor of w?
False
Suppose -2016 = -34*g + 2846. Let w = g + 496. Is 13 a factor of w?
False
Let j be (1 - -2)/(7 + -10). Is 4 - 6042/(-24) - j/4 a multiple of 14?
False
Suppose 17 = 2*n - 215. Suppose 802 - n = 7*t. Let l = -91 + t. Does 5 divide l?
False
Let s be ((-3)/6)/(3 + 364/(-120)). Suppose 14 = -17*m + s*m. Is 8 a factor of (28 - m)*(0 + 2 + -1)?
False
Let f be (-294)/2 - (18 + -12). Let b = f + 278. Is b a multiple of 2?
False
Let h = -27 + 17. Let u(t) = 124*t + 2*t**2 - 208 + 66 + 74 + 69 - 110*t. Is 8 a factor of u(h)?
False
Suppose -5 = 5*a, -2*a = 2*v - 3*a + 279. Let r = -84 - v. Suppose 5*c = -4*z + 120, -5*c + 109 + r = -5*z. Is 4 a factor of c?
True
Suppose -2*g - h + 14 = 0, 2*h = 3*g - 6*g + 19. Let d be 4/18 - (-7)/g - -1. Suppose 0 = -3*k - 2*k + 4*y + 766, d*k - 2*y = 308. Is k a multiple of 28?
False
Let g(i) = i**2 + 7*i + 8. Let f be g(-6). Suppose -26 = -j + 5*q, q + f*q = 2*j - 17. Does 4 divide (-882)/(-72) - (j - (-3)/(-4))?
True
Suppose 4*x + 4*k = 20, 4*x - 3*k - 20 - 7 = 0. Suppose 4*g = x*g + t - 164, -2*t = -5*g + 401. Is g even?
False
Let z(q) = -41*q + 14. Let a(c) be the third derivative of -c**4/3 + c**3/2 + 2*c**2. Let i(d) = 22*a(d) - 4*z(d). Does 10 divide i(-5)?
True
Let j(t) = -t**2 + 10*t - 5. Let f be j(9). Suppose 4*r + 5*q + f = 83, 0 = -3*r + 2*q + 88. Let d = r - 18. Is d a multiple of 8?
True
Does 150 divide (-2)/3*(-581180)/8*66/55?
False
Let d = -2 + 202. Suppose 18*w + 2*o = 15*w + 4, -3*w = -5*o - 32. Is 13 a factor of (-2 + w)/(((-55)/d)/(-11))?
False
Let v(s) = s**2 + 4*s - 8. Let g(k) = k**2 + 4*k - 8. Let o(d) = -2*g(d) + 3*v(d). Let z be o(-6). Is 7 a factor of (z/2)/(7/224)?
False
Suppose 10 = 5*h, t - 4*h - 1 = 1. Let s be 22/4 - t/20. Suppose s*w - 4*w = 112. Is w a multiple of 28?
True
Suppose -5*m - 38 = 2*n, -m = -4*m + 3*n - 6. Does 20 divide (-232)/((-7)/(-63)*m)?
False
Let v(r) = 296*r + 520. Is v(13) a multiple of 16?
True
Let g = 7489 + 16320. Is g a multiple of 105?
False
Let r be -2*2/10 - (-1092)/30. Suppose -12*v - r - 36 = 0. Does 6 divide -64*(v/(-4) - 3)?
True
Suppose 305677 = 33*n - 234772 - 388. Is n a multiple of 15?
False
Let t = 5150 + -2621. Is 53 a factor of t?
False
Let i(s) = 157*s**2 - 46*s + 57. Is 2 a factor of i(3)?
True
Let d(p) = -p**2 - 122*p + 565. Is d(-89) a multiple of 9?
False
Suppose 0 = -3*y, y = 525*x - 521*x - 832. Does 4 divide x?
True
Suppose -17*b = 7*b - 69890 - 74566. Is 58 a factor of b?
False
Let r(y) = y**2 - y + 21. Let b be r(0). Let l = 19 - b. Does 11 divide 41 + l + (-1 - -4)?
False
Let r(n) = -n**3 + 12*n**2 + 4*n. Let g = 176 - 168. Does 48 divide r(g)?
True
Suppose 3 = 3*v - 9. Suppose v*k + 0*k - 16 = 0. Is 13 a factor of (-105)/(-2) + (-2)/k?
True
Let v = 2841 - 678. Let j = v + -1519. Is j a multiple of 46?
True
Suppose 313*f - 8495959 = -6079838 + 10490747. Does 70 divide f?
False
Suppose -4*s - 1008 = 4*i, 2*s - 3*i + 1260 = -3*s. Let j = s - -299. Is 47 a factor of j?
True
Suppose -191*b + 193*b - 56 = 0. Does 5 divide (-2 - b)*(-7)/(7/1)?
True
Suppose 0 = 59*b - 34699 - 22118. Is b even?
False
Let z be (-4 - -8)/(4/4). Suppose 5*f - 3435 = -3*n, 5*f - 5*n - 3455 = -z*n. Does 15 divide f?
True
Let a(l) = 3*l**2 - l - 1. Let s be a(-1). Suppose 5*z + 9 = -s*q, -4*q - 4*z - 7 = z. Suppose 4*f - 184 = 5*g + 16, 114 = q*f + g. Is f a multiple of 11?
True
Suppose 0 = -g - 2*u + 122, 582 = 5*g + 3*u - 0*u. Suppose 117*r - 381 = g*r. Is 8 a factor of r?
False
Let r be (-20)/9 - 70/(-315) - -10. Let p(z) = -z**3 - 3*z**2 + 4*z + 3. Let g be p(-4). Suppose -3*v = f - 78, 430 = 5*f + r*v - g*v. Is 15 a factor of f?
True
Is 24 a factor of 11069 + (16/168 - ((-220)/(-105) - -3))?
True
Let p(n) be the second derivative of 31*n**4/12 - 58*n**3/3 - n**2 + 2*n + 4. Is 47 a factor of p(7)?
True
Suppose 115*b = 121*b - 24. Suppose -y + b*z - 136 + 441 = 0, 4*z - 281 = -y. Is 54 a factor of y?
False
Let y = -2466 + 3720. Is 11 a factor of y?
True
Let x be -1 + 45/39 + 30/(-26). Let y be 4/6 - (2/(-3))/x. Does 6 divide 2*74/(-4)*(y - 2)?
False
Suppose -12*g + 7820 + 4624 = 0. Suppose 0 = 3*w - 3*n - 777, 0 = -10*w + 6*w + 3*n + g. Is w a multiple of 4?
True
Suppose -s = 2*b + 2709, 5414 = -4*b - 10*s + 12*s. Is 32 a factor of b/(-6) + ((-4)/(-3) - 2)?
False
Suppose 16*u - 23*u = -14. Suppose -4 - 269 = -u*w + 5*s, -2*w = s - 255. Is w a multiple of 30?
False
Let i be (-18)/(-4) - 13*(-30)/260. Let d(u) = 2*u**2 - 9*u + 28. Let g(y) = -3*y**2 + 14*y - 42. Let l(j) = -7*d(j) - 5*g(j). Is l(i) a multiple of 3?
False
Suppose -3*k + 15 = 2*r - 5*r, -3*k + 5*r = -15. Suppose k*g - 26*g = -1134. Is g a multiple of 4?
False
Suppose -165 = -5*j - 5*l, 35 = 4*j + l - 91. Suppose j*a - 23*a = 912. Is a a multiple of 9?
False
Let c(v) be the third derivative of -5*v**4/6 - 39*v**3/2 - 104*v**2. Does 4 divide c(-9)?
False
Suppose 0 = -34*v - 2*v + 90*v - 116640. Does 180 divide v?
True
Let d(k) = k**3 + 31*k**2 + 101*k + 200. Is 2 a factor of d(-21)?
False
Let y be ((-3 - 2) + 6)*(-885)/(-3). Is 1*y - (-24 + 20) a multiple of 5?
False
Suppose z = 1, -2*z + 1277 = 5*b - 0*z. Let t(s) = -30*s + 11. Let r be t(5). Let m = b + r. Is m a multiple of 12?
False
Let g(l) = 8*l**2 - 10*l + 230. Is g(11) a multiple of 32?
True
Suppose 372 = y - 158. Let z = y - 105. Is 14 a factor of z?
False
Let k(p) = -2*p**2 + 46*p - 82. Let w(l) = -l**2 + l + 4. Let c(a) = k(a) - w(a). Is c(10) a multiple of 66?
True
Suppose -22 + 1 = k + 5*b, -3*k - 3*b = 15. Let j be -161*(100/(-28) - k). Suppose 0*i + 3*i - d = 246, -j = -5*i + 3*d. Is 14 a factor of i?
False
Let u(w) be the second derivative of -w**4/6 - 71*w**3/6 - 75*w**2/2 + 49*w. Is 5 a factor of u(-33)?
True
Let v(w) be the third derivative of 4/3*w**3 - 1/12*w**4 + 0*w - 7*w**2 + 0 + 1/60*w**5. Does 7 divide v(-6)?
True
Suppose 75*a + 14 = 82*a. Suppose a*s - k - 968 = k, k - 1440 = -3*s. Does 3 divide s?
False
Let v(d) = d**3 - 11*d**2 - 2*d + 26. Let r be v(11). Does 16 divide r/10 - (-21665)/25?
False
Let z be (-9)/12*-4 - (-3 - 46). Suppose 6*i - 344 = z. Does 3 divide i?
True
Let l(c) = -144*c + 778. Does 63 divide l(-6)?
False
Let p = -22918 + 28877. Does 75 divide p?
False
Let x(u) = 6*u**2 + 2*u. Let a be x(-2). Suppose -3*b + a = b. Suppose 193 = b*n - 347. Is 12 a factor of n?
True
Suppose 0 = -96*y + 89*y - 1708. Let d = -20 - 327. Let n = y - d. Is n a multiple of 13?
False
Suppose -370 - 1078 = -2*g. Let i be 0 + 0 - (2 + 2 + g). Is i/(-9) + (-13)/(-117) a multiple of 11?
False
Let m(a) = 11*a**2 - 5*a - 4. Let i be m(3). Let s = -14 + i. Let c = s + -39. Is c a multiple of 20?
False
Let f(w) = w**3 - 2*w**2 - w + 400. Let y be f(0). Let v = 13 + y. Does 59 divide v?
True
Let f(b) = -b**3 + 31*b**2 + 34*b - 69. Let h be f(32). Let a(p) = -51*p - 47. Is 26 a factor of a(h)?
True
Let l(p) = p**2 - p - 6. Let n be l(3). Suppose q - a + 404 - 49 = n, q = -5*a - 385. Does 3 divide (1/(-3))/(10/q)?
True
Suppose 5*b + 11 + 0 = 2*i, 2*i = -3*b + 3. Let p be i - (-725)/(1 + 4). Suppose f = -n + 3*f + 37, -4*n = 4*f - p. Is 3 a factor of n?
False
Suppose 2 = 2*f - 2*j, j = 3*f + 4 + 1. Let g be (-2)/f*15 - (-16)/8. Let n = 111 - g. Is 11 a factor of n?
True
Let f be 19 + (4 - 20/4). Let v be 10/(-45) - (-562)/f. Let l = 36 + v. Is l a multiple of 22?
False
Let l be 10*(-192)/14*(-35)/(-25). Let k = l + 288. S